268025?
True
Is 28923 a multiple of 11?
False
Is 4110288 a multiple of 546?
True
Is 48374 a multiple of 28?
False
Does 260 divide 471807?
False
Is 197 a factor of 1085470?
True
Is 13 a factor of 3942130?
False
Is 45 a factor of 28608787?
False
Is 478572 a multiple of 114?
True
Is 6 a factor of 1195128?
True
Does 50 divide 341400?
True
Is 21387944 a multiple of 8?
True
Does 15 divide 193155?
True
Does 16 divide 485754?
False
Does 4 divide 9870?
False
Is 5 a factor of 465690?
True
Is 26 a factor of 33441?
False
Is 512772 a multiple of 38?
True
Is 4184946 a multiple of 162?
True
Is 2364604 a multiple of 44?
True
Is 15 a factor of 628335?
True
Does 58 divide 535628?
False
Is 244 a factor of 214551?
False
Is 477515 a multiple of 370?
False
Is 203 a factor of 1837962?
True
Is 598065 a multiple of 1422?
False
Is 1369 a factor of 363443?
False
Is 16536954 a multiple of 2261?
True
Is 694549 a multiple of 613?
False
Is 1400781 a multiple of 173?
True
Is 189136 a multiple of 17?
False
Is 3711300 a multiple of 417?
True
Does 59 divide 139417?
True
Is 9 a factor of 32854?
False
Is 20 a factor of 1644324?
False
Is 22847 a multiple of 470?
False
Is 341949 a multiple of 95?
False
Is 599 a factor of 5646265?
False
Is 1087 a factor of 2595827?
False
Does 278 divide 56909?
False
Is 125 a factor of 3468250?
True
Does 5 divide 685349?
False
Does 106 divide 521360?
False
Is 46 a factor of 1989086?
True
Is 82855 a multiple of 4?
False
Does 18 divide 716019?
False
Is 161624 a multiple of 8?
True
Is 84256 a multiple of 90?
False
Does 481 divide 1847874?
False
Is 138 a factor of 4334793?
False
Is 779 a factor of 866191?
False
Is 238 a factor of 126378?
True
Does 12 divide 59208?
True
Is 286810 a multiple of 12?
False
Is 53 a factor of 541872?
True
Is 2 a factor of 1627869?
False
Is 433 a factor of 511174?
False
Does 55 divide 362593?
False
Does 10 divide 2528662?
False
Is 263 a factor of 1404420?
True
Does 102 divide 296004?
True
Is 9 a factor of 2671960?
False
Is 38612 a multiple of 14?
True
Is 249 a factor of 2001105?
False
Does 418 divide 161348?
True
Is 197 a factor of 2561?
True
Is 20026340 a multiple of 68?
True
Is 40 a factor of 18315?
False
Is 121512 a multiple of 498?
True
Is 81618 a multiple of 446?
True
Is 386 a factor of 7039482?
True
Is 48051 a multiple of 85?
False
Does 9 divide 91107?
True
Is 2821364 a multiple of 644?
True
Is 5035928 a multiple of 12?
False
Is 107 a factor of 174410?
True
Is 166 a factor of 1336943?
False
Does 184 divide 636824?
True
Is 5 a factor of 986640?
True
Is 5533398 a multiple of 306?
True
Is 102 a factor of 303020?
False
Is 249 a factor of 344865?
True
Is 9 a factor of 937416?
False
Does 27 divide 66258?
True
Is 2582064 a multiple of 144?
True
Is 1654140 a multiple of 10?
True
Is 1323933 a multiple of 15?
False
Does 961 divide 2628419?
False
Is 125418 a multiple of 11?
False
Does 22 divide 2110306?
True
Is 410080 a multiple of 227?
False
Is 10 a factor of 48875?
False
Is 33 a factor of 989010?
True
Is 295 a factor of 4346825?
True
Is 29 a factor of 2430635?
True
Is 6 a factor of 155705?
False
Is 120 a factor of 621991?
False
Is 168 a factor of 5804075?
False
Does 46 divide 300932?
True
Is 327 a factor of 3401654?
False
Is 11775353 a multiple of 14?
False
Does 10 divide 6772?
False
Is 8 a factor of 49291?
False
Does 89 divide 485972?
False
Is 110003 a multiple of 5?
False
Does 119 divide 462690?
False
Is 42 a factor of 644112?
True
Is 77966 a multiple of 60?
False
Is 124 a factor of 285670?
False
Is 402 a factor of 77988?
True
Is 69 a factor of 322525?
False
Is 24007339 a multiple of 37?
True
Is 313 a factor of 18467?
True
Is 7 a factor of 1299508?
True
Does 64 divide 198208?
True
Is 18 a factor of 67500?
True
Is 40545 a multiple of 159?
True
Is 759 a factor of 699798?
True
Is 370944 a multiple of 256?
True
Is 943299 a multiple of 279?
True
Is 6 a factor of 20736556?
False
Is 5678682 a multiple of 654?
True
Is 79 a factor of 3242588?
False
Is 3855092 a multiple of 16?
False
Is 2287120 a multiple of 220?
True
Is 6075 a multiple of 75?
True
Is 656412 a multiple of 12?
True
Does 20 divide 415619?
False
Does 117 divide 20239?
False
Is 398 a factor of 915002?
True
Is 118393 a multiple of 21?
False
Is 71797 a multiple of 61?
True
Is 4339652 a multiple of 22?
False
Does 118 divide 1055510?
True
Is 105 a factor of 10425660?
True
Is 2752002 a multiple of 9?
True
Does 59 divide 56224?
False
Is 61 a factor of 684048?
False
Is 16 a factor of 93924?
False
Is 33810 a multiple of 322?
True
Does 55 divide 1476035?
True
Is 1686738 a multiple of 17?
False
Is 20 a factor of 14300?
True
Does 59 divide 11865?
False
Does 174 divide 821106?
True
Is 40 a factor of 221560?
True
Is 546524 a multiple of 354?
False
Is 57 a factor of 81238?
False
Is 156 a factor of 7675081?
False
Is 378 a factor of 12569634?
True
Does 550 divide 685850?
True
Does 13 divide 653029?
True
Is 22 a factor of 5656?
False
Is 61 a factor of 341661?
True
Is 1646898 a multiple of 47?
False
Is 233 a factor of 205080?
False
Is 1800014 a multiple of 51?
False
Is 2989320 a multiple of 58?
True
Is 5909 a multiple of 2?
False
Is 801 a factor of 156195?
True
Is 928312 a multiple of 56?
True
Is 37 a factor of 72054?
False
Is 283031 a multiple of 216?
False
Does 38 divide 741211?
False
Is 178992 a multiple of 132?
True
Does 26 divide 117471?
False
Is 157 a factor of 356037?
False
Does 98 divide 1905022?
True
Does 50 divide 23089848?
False
Is 10 a factor of 1355140?
True
Is 119678 a multiple of 77?
False
Does 351 divide 447370?
False
Is 18 a factor of 137138?
False
Does 4 divide 2671195?
False
Is 4660300 a multiple of 14?
False
Is 70279 a multiple of 17?
False
Is 362586 a multiple of 14?
True
Is 183690 a multiple of 78?
True
Does 150 divide 105232?
False
Does 56 divide 68487?
False
Is 18 a factor of 763824?
False
Is 392 a factor of 313600?
True
Is 24 a factor of 7641552?
True
Does 9 divide 3722247?
True
Does 16 divide 10724800?
True
Is 21025446 a multiple of 654?
True
Is 325186 a multiple of 203?
False
Does 28 divide 19349527?
False
Is 90 a factor of 1036400?
False
Is 441 a factor of 6092747?
False
Is 9 a factor of 1161171?
True
Is 15 a factor of 158090?
False
Is 332 a factor of 2769212?
True
Is 519494 a multiple of 444?
False
Is 840393 a multiple of 143?
False
Does 22 divide 2913775?
False
Does 6 divide 712032?
True
Does 105 divide 11235?
True
Is 114697 a multiple of 78?
False
Is 133619 a multiple of 4?
False
Does 42 divide 62286?
True
Does 568 divide 2968936?
True
Is 2283162 a multiple of 6?
True
Does 273 divide 125688?
False
Is 1429 a factor of 1427571?
True
Is 107 a factor of 823258?
True
Is 1845 a factor of 7741832?
False
Is 38976 a multiple of 48?
True
Does 133 divide 2485652?
False
Does 27 divide 13119381?
True
Is 352038 a multiple of 23?
True
Does 17 divide 115122?
False
Does 6 divide 2369688?
True
Is 983783 a multiple of 32?
False
Is 55 a factor of 493913?
False
Does 1327 divide 2531916?
True
Is 989 a factor of 1385589?
True
Does 21 divide 494566?
False
Does 118 divide 1187788?
True
Is 47 a factor of 108711?
True
Is 216549 a multiple of 15?
False
Is 318634 a multiple of 4?
False
Does 2 divide 23751?
False
Does 117 divide 2086110?
True
Does 28 divide 6652688?
True
Does 119 divide 94724?
True
Is 26 a factor of 48229?
False
Does 8 divide 775320?
True
Does 13 divide 682084?
True
Is 7 a factor of 2616264?
True
Is 66108 a multiple of 42?
True
Does 197 divide 2169600?
False
Does 151 divide 1253760?
False
Is 99462 a multiple of 363?
True
Is 11 a factor of 1656092?
False
Is 13226 a multiple of 13?
False
Is 76 a factor of 418228?
True
Does 180 divide 303120?
True
Is 61740 a multiple of 63?
True
Is 192 a factor of 133031?
False
Does 92 divide 183997?
False
Is 3615499 a multiple of 51?
False
Is 20 a factor of 125080?
True
Does 116 divide 128834?
False
Is 2403930 a multiple of 454?
True
Is 260778 a multiple of 42?
True
Is 295960 a multiple of 179?
False
Is 11 a factor of 1291620?
True
Is 269 a factor of 324554?
False
Is 235 a factor of 18252685?
True
Does 7 divide 274906?
False
Does 9 divide 1515274?
False
Does 242 divide 2891001?
False
Is 18 a factor of 2640227?
False
Is 49452 a multiple of 12?
True
Is 198071 a multiple of 41?
True
Is 59370 a multiple of 30?
True
Does 635 divide 5032299?
Fal